{"id":119,"date":"2016-05-23T21:01:51","date_gmt":"2016-05-23T20:01:51","guid":{"rendered":"https:\/\/husets-kor.nu\/wpt\/?page_id=119"},"modified":"2025-10-28T15:31:18","modified_gmt":"2025-10-28T14:31:18","slug":"var-konstnarliga-ledare","status":"publish","type":"page","link":"https:\/\/husets-kor.nu\/wpt\/var-konstnarliga-ledare\/","title":{"rendered":"V\u00e5r konstn\u00e4rliga ledare"},"content":{"rendered":"\n<h3 class=\"wp-block-heading\">Sara Ekdahl<\/h3>\n\n\n\n<p>Sedan v\u00e5rterminen 2022 leds k\u00f6ren av Sara Ekdahl som har en gedigen bakgrund inom vokalmusik, som k\u00f6rledare samt undervisning i s\u00e5ngteknik . <br><br>L\u00e4s mer om Sara h\u00e4r: <a href=\"https:\/\/inlight.se\/sara\/om\" target=\"_blank\" rel=\"noreferrer noopener\">https:\/\/inlight.se\/sara\/om<\/a><\/p>\n\n\n\n<figure class=\"wp-block-image size-large\"><a href=\"http:\/\/media.husets-kor.nu\/2022\/11\/Sara-liggande-scaled.jpg\"><img loading=\"lazy\" decoding=\"async\" width=\"1024\" height=\"681\" src=\"http:\/\/media.husets-kor.nu\/2022\/11\/Sara-liggande-1024x681.jpg\" alt=\"\" class=\"wp-image-876\" srcset=\"http:\/\/media.husets-kor.nu\/2022\/11\/Sara-liggande-1024x681.jpg 1024w, http:\/\/media.husets-kor.nu\/2022\/11\/Sara-liggande-300x199.jpg 300w, http:\/\/media.husets-kor.nu\/2022\/11\/Sara-liggande-768x511.jpg 768w, http:\/\/media.husets-kor.nu\/2022\/11\/Sara-liggande-1536x1021.jpg 1536w, http:\/\/media.husets-kor.nu\/2022\/11\/Sara-liggande-2048x1362.jpg 2048w\" sizes=\"auto, (max-width: 1024px) 100vw, 1024px\" \/><\/a><\/figure>\n","protected":false},"excerpt":{"rendered":"<p>Sara Ekdahl Sedan v\u00e5rterminen 2022 leds k\u00f6ren av Sara Ekdahl som har en gedigen bakgrund inom vokalmusik, som k\u00f6rledare samt undervisning i s\u00e5ngteknik . L\u00e4s mer om Sara h\u00e4r: https:\/\/inlight.se\/sara\/om<\/p>\n","protected":false},"author":1,"featured_media":0,"parent":0,"menu_order":0,"comment_status":"closed","ping_status":"closed","template":"","meta":{"footnotes":""},"class_list":["post-119","page","type-page","status-publish","hentry"],"_links":{"self":[{"href":"https:\/\/husets-kor.nu\/wpt\/wp-json\/wp\/v2\/pages\/119","targetHints":{"allow":["GET"]}}],"collection":[{"href":"https:\/\/husets-kor.nu\/wpt\/wp-json\/wp\/v2\/pages"}],"about":[{"href":"https:\/\/husets-kor.nu\/wpt\/wp-json\/wp\/v2\/types\/page"}],"author":[{"embeddable":true,"href":"https:\/\/husets-kor.nu\/wpt\/wp-json\/wp\/v2\/users\/1"}],"replies":[{"embeddable":true,"href":"https:\/\/husets-kor.nu\/wpt\/wp-json\/wp\/v2\/comments?post=119"}],"version-history":[{"count":13,"href":"https:\/\/husets-kor.nu\/wpt\/wp-json\/wp\/v2\/pages\/119\/revisions"}],"predecessor-version":[{"id":1103,"href":"https:\/\/husets-kor.nu\/wpt\/wp-json\/wp\/v2\/pages\/119\/revisions\/1103"}],"wp:attachment":[{"href":"https:\/\/husets-kor.nu\/wpt\/wp-json\/wp\/v2\/media?parent=119"}],"curies":[{"name":"wp","href":"https:\/\/api.w.org\/{rel}","templated":true}]}}