{"id":43,"date":"2016-04-16T13:31:32","date_gmt":"2016-04-16T12:31:32","guid":{"rendered":"https:\/\/husets-kor.nu\/wpt\/?page_id=43"},"modified":"2026-01-28T15:07:51","modified_gmt":"2026-01-28T14:07:51","slug":"tidigare_","status":"publish","type":"page","link":"https:\/\/husets-kor.nu\/wpt\/tidigare_\/","title":{"rendered":"\ud83d\udd70\ufe0f Husets K\u00f6r \u2013 Tidigare f\u00f6rest\u00e4llningar"},"content":{"rendered":"\n<p>Nedan hittar du v\u00e5ra tidigare f\u00f6rest\u00e4llningar. <\/p>\n\n\n\n<div class=\"wp-block-columns is-layout-flex wp-container-core-columns-is-layout-28f84493 wp-block-columns-is-layout-flex\">\n<div class=\"wp-block-column is-layout-flow wp-block-column-is-layout-flow\"><\/div>\n\n\n\n<div class=\"wp-block-column is-layout-flow wp-block-column-is-layout-flow\"><\/div>\n<\/div>\n\n\n\n<div class=\"wp-block-columns is-layout-flex wp-container-core-columns-is-layout-28f84493 wp-block-columns-is-layout-flex\">\n<div class=\"wp-block-column is-layout-flow wp-block-column-is-layout-flow\">\n<h4 class=\"wp-block-heading\"><strong>2022 &#8211; P.L.O.T<\/strong><\/h4>\n<\/div>\n\n\n\n<div class=\"wp-block-column is-layout-flow wp-block-column-is-layout-flow\">\n<p>F\u00f6rest\u00e4llningen P.L.O.T stod f\u00f6r&nbsp;&nbsp;<em>plausibelt, l\u00f6gnaktigt samt otroligt trov\u00e4rdigt&nbsp;<\/em>och laborerade under ledning av Sara Ekdahl med ber\u00e4ttelser och k\u00f6rs\u00e5ng p\u00e5 k\u00f6rens unika s\u00e4tt.<\/p>\n\n\n\n<p>Hur m\u00e5nga ber\u00e4ttelser finns det? Kanske fick du svaret i f\u00f6rest\u00e4llningen d\u00e4r k\u00f6rs\u00e5ng blandades med gestaltningar p\u00e5 scen i olika former. Vi gjorde en resa bland ber\u00e4ttelser, som manade till eftertanke, men ocks\u00e5 skratt. Musikaliskt bj\u00f6ds p\u00e5 en blandad kompott d\u00e4r Laleh, Benny Andersson och Mikael Wiehe samsades med opera, musikal och spirituals.&nbsp;<\/p>\n<\/div>\n<\/div>\n\n\n\n<hr class=\"wp-block-separator has-alpha-channel-opacity\"\/>\n\n\n\n<div class=\"wp-block-columns is-layout-flex wp-container-core-columns-is-layout-28f84493 wp-block-columns-is-layout-flex\">\n<div class=\"wp-block-column is-layout-flow wp-block-column-is-layout-flow\">\n<h4 class=\"wp-block-heading\"><strong>2019 &#8211; K\u00f6rens 40-\u00e5rsjubileum.\u00a0<\/strong><\/h4>\n<\/div>\n\n\n\n<div class=\"wp-block-column is-layout-flow wp-block-column-is-layout-flow\">\n<p>K\u00f6ren dammade av m\u00e5nga gamla godingar under ledning av Sanna V\u00e4ssmar och bj\u00f6d in flera tidigare k\u00f6rledare som fick lov att leda vars n\u00e5gra favoriter. En stor succ\u00e9 f\u00f6r fulla hus p\u00e5 Victoriateatern.<\/p>\n<\/div>\n<\/div>\n\n\n\n<hr class=\"wp-block-separator has-alpha-channel-opacity\"\/>\n\n\n\n<div class=\"wp-block-columns is-layout-flex wp-container-core-columns-is-layout-28f84493 wp-block-columns-is-layout-flex\">\n<div class=\"wp-block-column is-layout-flow wp-block-column-is-layout-flow\" style=\"flex-basis:50%\">\n<h4 class=\"wp-block-heading\"><strong>2018 \u2013 Hela Sanningen<\/strong><\/h4>\n<\/div>\n\n\n\n<div class=\"wp-block-column is-layout-flow wp-block-column-is-layout-flow\" style=\"flex-basis:50%\">\n<p>En f\u00f6rest\u00e4llning om v\u00e5ra sanningar \u2013 eller v\u00e5ra f\u00f6rest\u00e4llningar om vad som \u00e4r sant.<br>Vi blandade Sokrates, Kellyanne Conway och Alexander Bard med Simon &amp; Garfunkel, Allan Edwall och Rag\u2019n\u2019Bone Man \u2013 och en h\u00f6g ungar som mindes en bl\u00e5are himmel.<\/p>\n<\/div>\n<\/div>\n\n\n\n<hr class=\"wp-block-separator has-alpha-channel-opacity\"\/>\n\n\n\n<div class=\"wp-block-columns is-layout-flex wp-container-core-columns-is-layout-28f84493 wp-block-columns-is-layout-flex\">\n<div class=\"wp-block-column is-layout-flow wp-block-column-is-layout-flow\" style=\"flex-basis:50%\">\n<h4 class=\"wp-block-heading\"><strong>2016 \u2013 P\u00e5verkade<\/strong><\/h4>\n<\/div>\n\n\n\n<div class=\"wp-block-column is-layout-flow wp-block-column-is-layout-flow\" style=\"flex-basis:50%\">\n<p>Musiken p\u00e5verkar oss \u2013 alltid har den gjort det.<br>Vi utforskade hur den kan f\u00e5 oss att minnas, dansa, f\u00f6r\u00e4ndra v\u00e4rlden\u2026 eller marschera i takt.<br>Publiken l\u00e4t sig <em>p\u00e5verkas!<\/em><\/p>\n<\/div>\n<\/div>\n\n\n\n<hr class=\"wp-block-separator has-alpha-channel-opacity\"\/>\n\n\n\n<div class=\"wp-block-columns is-layout-flex wp-container-core-columns-is-layout-28f84493 wp-block-columns-is-layout-flex\">\n<div class=\"wp-block-column is-layout-flow wp-block-column-is-layout-flow\" style=\"flex-basis:50%\">\n<h4 class=\"wp-block-heading\"><strong>2014 \u2013 Jante \u00e5 ja<\/strong><\/h4>\n<\/div>\n\n\n\n<div class=\"wp-block-column is-layout-flow wp-block-column-is-layout-flow\" style=\"flex-basis:50%\">\n<p>Med musik med h\u00f6g feel-good-faktor tog vi publiken med p\u00e5 en resa bland v\u00e5ra f\u00f6rest\u00e4llningar kring Jantelagen och modet att ta plats.<\/p>\n<\/div>\n<\/div>\n\n\n\n<hr class=\"wp-block-separator has-alpha-channel-opacity\"\/>\n\n\n\n<div class=\"wp-block-columns is-layout-flex wp-container-core-columns-is-layout-28f84493 wp-block-columns-is-layout-flex\">\n<div class=\"wp-block-column is-layout-flow wp-block-column-is-layout-flow\" style=\"flex-basis:50%\">\n<h4 class=\"wp-block-heading\"><strong>2012 \u2013 KVAL \u2013 antingen eller<\/strong><\/h4>\n<\/div>\n\n\n\n<div class=\"wp-block-column is-layout-flow wp-block-column-is-layout-flow\" style=\"flex-basis:50%\">\n<p>En musikalisk resa genom v\u00e5r tids valfrihet.<br>M\u00f6jligheterna \u00e4r o\u00e4ndliga \u2013 men betyder det frihet eller \u00e5ngestkval?<\/p>\n<\/div>\n<\/div>\n\n\n\n<hr class=\"wp-block-separator has-alpha-channel-opacity\"\/>\n\n\n\n<div class=\"wp-block-columns is-layout-flex wp-container-core-columns-is-layout-28f84493 wp-block-columns-is-layout-flex\">\n<div class=\"wp-block-column is-layout-flow wp-block-column-is-layout-flow\" style=\"flex-basis:50%\">\n<h4 class=\"wp-block-heading\"><strong>2010 \u2013 Huset \u2013 ett hem f\u00f6r udda<\/strong><\/h4>\n<\/div>\n\n\n\n<div class=\"wp-block-column is-layout-flow wp-block-column-is-layout-flow\" style=\"flex-basis:50%\">\n<p>En f\u00f6rest\u00e4llning om ett hus, befolkat av k\u00f6ren och ett fyramannaband.<br>Om tillh\u00f6righet, gemenskap och musikens rum.<\/p>\n<\/div>\n<\/div>\n\n\n\n<hr class=\"wp-block-separator has-alpha-channel-opacity\"\/>\n\n\n\n<div class=\"wp-block-columns is-layout-flex wp-container-core-columns-is-layout-28f84493 wp-block-columns-is-layout-flex\">\n<div class=\"wp-block-column is-layout-flow wp-block-column-is-layout-flow\" style=\"flex-basis:50%\">\n<h4 class=\"wp-block-heading\"><strong>2008 \u2013 Gr\u00e4v d\u00e4r du st\u00e5r<\/strong><\/h4>\n<\/div>\n\n\n\n<div class=\"wp-block-column is-layout-flow wp-block-column-is-layout-flow\" style=\"flex-basis:50%\">\n<p>En hyllning till arbete, gemenskap och musikalisk m\u00e5ngfald.<\/p>\n<\/div>\n<\/div>\n\n\n\n<hr class=\"wp-block-separator has-alpha-channel-opacity\"\/>\n\n\n\n<div class=\"wp-block-columns is-layout-flex wp-container-core-columns-is-layout-28f84493 wp-block-columns-is-layout-flex\">\n<div class=\"wp-block-column is-layout-flow wp-block-column-is-layout-flow\" style=\"flex-basis:50%\">\n<h4 class=\"wp-block-heading\"><strong>2006 \u2013 Flyttf\u00e5glar &amp; Springm\u00e4nskor<\/strong><\/h4>\n<\/div>\n\n\n\n<div class=\"wp-block-column is-layout-flow wp-block-column-is-layout-flow\" style=\"flex-basis:50%\">\n<p>Om m\u00e4nniskor i r\u00f6relse, om m\u00f6ten, avsked och l\u00e4ngtan \u2013 att fly till n\u00e5got, eller ifr\u00e5n n\u00e5got.<\/p>\n<\/div>\n<\/div>\n\n\n\n<hr class=\"wp-block-separator has-alpha-channel-opacity\"\/>\n\n\n\n<div class=\"wp-block-columns is-layout-flex wp-container-core-columns-is-layout-28f84493 wp-block-columns-is-layout-flex\">\n<div class=\"wp-block-column is-layout-flow wp-block-column-is-layout-flow\" style=\"flex-basis:50%\">\n<h4 class=\"wp-block-heading\"><strong>2004 \u2013 De Tio<\/strong><\/h4>\n<\/div>\n\n\n\n<div class=\"wp-block-column is-layout-flow wp-block-column-is-layout-flow\" style=\"flex-basis:50%\">\n<p>Vi utforskade de tio budorden och vad de betyder f\u00f6r oss idag \u2013 p\u00e5 gott och ont.<\/p>\n<\/div>\n<\/div>\n\n\n\n<hr class=\"wp-block-separator has-alpha-channel-opacity\"\/>\n\n\n\n<div class=\"wp-block-columns is-layout-flex wp-container-core-columns-is-layout-28f84493 wp-block-columns-is-layout-flex\">\n<div class=\"wp-block-column is-layout-flow wp-block-column-is-layout-flow\" style=\"flex-basis:50%\">\n<h4 class=\"wp-block-heading\"><strong>2002 \u2013 Kropp<\/strong><\/h4>\n<\/div>\n\n\n\n<div class=\"wp-block-column is-layout-flow wp-block-column-is-layout-flow\" style=\"flex-basis:50%\">\n<p>En k\u00f6rf\u00f6rest\u00e4llning om kroppen: hur vi ser p\u00e5 den, \u00e4lskar den, och hur den b\u00e4r oss genom livet.<\/p>\n<\/div>\n<\/div>\n\n\n\n<hr class=\"wp-block-separator has-alpha-channel-opacity\"\/>\n\n\n\n<div class=\"wp-block-columns is-layout-flex wp-container-core-columns-is-layout-28f84493 wp-block-columns-is-layout-flex\">\n<div class=\"wp-block-column is-layout-flow wp-block-column-is-layout-flow\" style=\"flex-basis:50%\">\n<h4 class=\"wp-block-heading\"><strong>2001 \u2013 Propeller<\/strong><\/h4>\n<\/div>\n\n\n\n<div class=\"wp-block-column is-layout-flow wp-block-column-is-layout-flow\" style=\"flex-basis:50%\">\n<p>En f\u00f6rest\u00e4llning om k\u00e4rlek, allvar och s\u00e5nggl\u00e4dje \u2013 p\u00e5 en flygplats med hj\u00e4rtat i luftgropen!<\/p>\n<\/div>\n<\/div>\n\n\n\n<hr class=\"wp-block-separator has-alpha-channel-opacity\"\/>\n\n\n\n<div class=\"wp-block-columns is-layout-flex wp-container-core-columns-is-layout-28f84493 wp-block-columns-is-layout-flex\">\n<div class=\"wp-block-column is-layout-flow wp-block-column-is-layout-flow\" style=\"flex-basis:50%\">\n<h4 class=\"wp-block-heading\"><strong>1999 \u2013 Urs\u00e4kta, var \u00e4r Brof\u00e4stet?<\/strong><\/h4>\n<\/div>\n\n\n\n<div class=\"wp-block-column is-layout-flow wp-block-column-is-layout-flow\" style=\"flex-basis:50%\">\n<p>En f\u00f6rest\u00e4llning till v\u00e5rt 20-\u00e5rsjubileum \u2013 och en k\u00e4rleksf\u00f6rklaring till Malm\u00f6.<\/p>\n<\/div>\n<\/div>\n\n\n\n<hr class=\"wp-block-separator has-alpha-channel-opacity\"\/>\n\n\n\n<div class=\"wp-block-columns is-layout-flex wp-container-core-columns-is-layout-28f84493 wp-block-columns-is-layout-flex\">\n<div class=\"wp-block-column is-layout-flow wp-block-column-is-layout-flow\" style=\"flex-basis:50%\">\n<h4 class=\"wp-block-heading\"><strong>1998 \u2013 Den Lilla M\u00e4nniskan<\/strong><\/h4>\n<\/div>\n\n\n\n<div class=\"wp-block-column is-layout-flow wp-block-column-is-layout-flow\" style=\"flex-basis:50%\">\n<p>Cirka 30 f\u00f6rest\u00e4llningar i samarbete med Moomsteatern \u2013 om m\u00e4nniskans plats i v\u00e4rlden.<\/p>\n<\/div>\n<\/div>\n\n\n\n<hr class=\"wp-block-separator has-alpha-channel-opacity\"\/>\n\n\n\n<div class=\"wp-block-columns is-layout-flex wp-container-core-columns-is-layout-28f84493 wp-block-columns-is-layout-flex\">\n<div class=\"wp-block-column is-layout-flow wp-block-column-is-layout-flow\" style=\"flex-basis:50%\">\n<h4 class=\"wp-block-heading\"><strong>1984\u20131997 \u2013 V\u00e5ra f\u00f6rsta \u00e5r<\/strong><\/h4>\n<\/div>\n\n\n\n<div class=\"wp-block-column is-layout-flow wp-block-column-is-layout-flow\" style=\"flex-basis:50%\">\n<p>Fr\u00e5n Mikael Wiehes k\u00f6rmusik och afrokubanska rytmer till variet\u00e9 och balkanmusik.<br>Vi sj\u00f6ng vid invigningen av Malm\u00f6 stadsbibliotek, samarbetade med Lunds Ren\u00e4ssansensemble, Variet\u00e9 Vauduvill och turnerade landet runt.<br>Fr\u00e5n rockklubbar till kyrkorum \u2013 vi har alltid varit <em>lite udda, mycket levande<\/em>.<\/p>\n<\/div>\n<\/div>\n\n\n\n<p><\/p>\n","protected":false},"excerpt":{"rendered":"<p>Nedan hittar du v\u00e5ra tidigare f\u00f6rest\u00e4llningar. 2022 &#8211; P.L.O.T F\u00f6rest\u00e4llningen P.L.O.T stod f\u00f6r&nbsp;&nbsp;plausibelt, l\u00f6gnaktigt samt otroligt trov\u00e4rdigt&nbsp;och laborerade under ledning av Sara Ekdahl med ber\u00e4ttelser och k\u00f6rs\u00e5ng p\u00e5 k\u00f6rens unika s\u00e4tt. Hur m\u00e5nga ber\u00e4ttelser finns det? Kanske fick du svaret i f\u00f6rest\u00e4llningen d\u00e4r k\u00f6rs\u00e5ng blandades med gestaltningar p\u00e5 scen i olika former. Vi gjorde en [&hellip;]<\/p>\n","protected":false},"author":1,"featured_media":0,"parent":0,"menu_order":0,"comment_status":"closed","ping_status":"closed","template":"","meta":{"footnotes":""},"class_list":["post-43","page","type-page","status-publish","hentry"],"_links":{"self":[{"href":"https:\/\/husets-kor.nu\/wpt\/wp-json\/wp\/v2\/pages\/43","targetHints":{"allow":["GET"]}}],"collection":[{"href":"https:\/\/husets-kor.nu\/wpt\/wp-json\/wp\/v2\/pages"}],"about":[{"href":"https:\/\/husets-kor.nu\/wpt\/wp-json\/wp\/v2\/types\/page"}],"author":[{"embeddable":true,"href":"https:\/\/husets-kor.nu\/wpt\/wp-json\/wp\/v2\/users\/1"}],"replies":[{"embeddable":true,"href":"https:\/\/husets-kor.nu\/wpt\/wp-json\/wp\/v2\/comments?post=43"}],"version-history":[{"count":86,"href":"https:\/\/husets-kor.nu\/wpt\/wp-json\/wp\/v2\/pages\/43\/revisions"}],"predecessor-version":[{"id":1203,"href":"https:\/\/husets-kor.nu\/wpt\/wp-json\/wp\/v2\/pages\/43\/revisions\/1203"}],"wp:attachment":[{"href":"https:\/\/husets-kor.nu\/wpt\/wp-json\/wp\/v2\/media?parent=43"}],"curies":[{"name":"wp","href":"https:\/\/api.w.org\/{rel}","templated":true}]}}